 z**2 - 4. Give i(u).
1
Let p(b) = -68*b - 3 - 69*b - 73*b + 207*b. Calculate p(-5).
12
Let f(g) = 4*g**2 - g. Let s = -15 - -20. Let i = 9 - s. Suppose 0 = -5*l + i + 6. Calculate f(l).
14
Let p(g) = -g**2 - 3*g - 4. Let x be p(-3). Let q(s) = -s**3 - 3*s**2 + 5*s + 1. Let j be q(x). Let h(n) = n**3 + 5*n**2 + 2*n - 2. What is h(j)?
10
Let u(x) be the third derivative of x**7/840 + x**6/180 - x**5/60 - 13*x**3/6 - 7*x**2. Let m(o) be the first derivative of u(o). What is m(-3)?
-3
Let j(g) = g - 7. Let p(s) = -1. Let z(r) = -j(r) - 6*p(r). Suppose 42 = 19*c - 12*c. Give z(c).
7
Let l = -15 - -7. Let w(a) = 4 - 5 + 6*a - 8*a**2 + 9*a**2 - 8 + 1. What is w(l)?
8
Let a = 80 + -77. Let n(m) = 1 + 0 - 5 + 4*m**a + 4*m + 6*m**2 - 3*m**3. Determine n(-4).
12
Let t(w) = 0*w + w - 1925 + 1944. Give t(-15).
4
Let w be 1 + ((-24)/(-4) - -2). Suppose 3*h = -3*o - w, 3*h - h = 5*o + 29. Let x(a) = a**3 + 5*a**2 - a - 4. What is x(o)?
1
Suppose 3*c + 7 = 3*y - 11, -3*c - 22 = -4*y. Let o be (-184)/(-69) + (-2)/3. Let m(j) = 5*j**2 + 2 + j**3 + o - 8*j**2 - 4*j. Determine m(y).
4
Let t(k) = k**2 - 4*k - 1. Let c(x) = -x**2 - 9*x - 8. Suppose -4*w = 21 + 7. Let r be c(w). Give t(r).
11
Let m(z) = 3*z**2 - 3*z + 15. Let t(s) be the second derivative of s**4/3 - s**3/3 + 8*s**2 + 21*s. Let g(v) = 5*m(v) - 4*t(v). Calculate g(-8).
3
Let p(z) = 408*z - z**3 - 816*z - z**2 + 411*z + 3. Calculate p(-3).
12
Let h(s) be the second derivative of -s**5/4 - s**4/12 - 5*s**3/6 - s**2/2 - 3*s. Let g(p) = 4*p**3 + 5*p. Let c(x) = 6*g(x) + 5*h(x). Calculate c(-6).
1
Let w(x) = -3*x**2 + 3*x + 9. Let v(m) = 10*m**2 - 9*m - 32. Let n(r) = 2*v(r) + 7*w(r). Let k = -6 + 7. What is n(k)?
1
Let p(v) = -v**3 - 5*v**2 + 8*v + 3. Let j(k) = -k + 8. Let o = 31 + -17. Let b be j(o). Determine p(b).
-9
Let v(f) = f**2 + 5*f + 1. Suppose 13*c + 4*p + 36 = 9*c, 3*c = -p - 17. Determine v(c).
-3
Let s be (-9)/(-12) - 3/4. Let u(i) = -i + 26. Calculate u(s).
26
Let y(c) be the first derivative of c**4/2 - c**2/2 - c + 590. Give y(-1).
-2
Let b be ((-10)/(-4))/(1/2). Suppose -b*c - 8 + 33 = 0. Let g(r) be the second derivative of -r**5/20 + r**4/3 + r**3/2 + 7*r**2/2 + r - 112. Give g(c).
-3
Let w = -10 + 4. Let v be (1 - 4)*(-10)/w. Let c = v + -1. Let k(r) = r + 4. Calculate k(c).
-2
Suppose -65*j - 275 - 245 = 0. Let w(v) = -v**2 - 3*v**2 - 8*v + 3*v**2. What is w(j)?
0
Let i(a) = -a**3 + a**2 + a + 2. Let j(t) = -5*t**2 - t - 3. Let k be j(3). Let w be (0 - 5)*k/85. Calculate i(w).
-13
Let s = 584 + -586. Let m(p) = p - 4. Give m(s).
-6
Let s(h) = h**2 - 7*h + 4. Suppose -17 = 2*o - 5. Let d be (4/o)/((-6)/153). Suppose 9 + 10 = 4*n - 3*a, 0 = 4*n - a - d. Calculate s(n).
-8
Let q = 80 + -64. Let s(j) = -3*j + j - q + 14. Give s(-3).
4
Suppose -j + 21 = 19. Suppose -6 + 2 = -2*m, 5*f - 8 = -4*m. Let v(p) = f*p**j + p**2 - 2*p + 2*p**2 + 0*p**2. What is v(2)?
8
Let k(w) be the second derivative of -w**7/2520 - 7*w**6/720 - w**5/20 - w**4/4 + 6*w. Let v(u) be the third derivative of k(u). Determine v(-4).
6
Let d(w) = -3*w**2 + 50700 + 50692 - w**3 + w - 101395. Let o = -3 - 1. Calculate d(o).
9
Let m(y) be the third derivative of y**4/24 - 2*y**3 - y**2 - 118*y. Give m(7).
-5
Let x(l) = -l + 14. Let s be x(12). Let a(n) = s + n + 0 - 2. Let j = -6 - -6. Give a(j).
0
Let k(q) = -q**3 + 1. Let d = -70 - -71. Let l(w) be the first derivative of 11*w**4/4 - w**3/3 - w**2 - 2*w + 2. Let a(t) = d*k(t) + l(t). Give a(-1).
-10
Let r(p) = -p**3 + 6*p**2 + p - 7. Let l(j) = -j**3 + 7*j**2 - 8. Let h be 3*(-4)/12*4. Let s(k) = h*l(k) + 5*r(k). Calculate s(3).
3
Suppose -23*f - 22*f - 405 = 0. Let a(c) = -c**2 - 7*c - 12. Determine a(f).
-30
Suppose 2*w - 50 = 7*w. Let n = w - -12. Let b(o) be the second derivative of o**4/6 - o**3/6 + o**2 + o. Give b(n).
8
Let q(o) = o**2 + 5*o + 2*o**2 - 3 - 4*o**2 + 2*o**2. Suppose -3*l = 2*m - 37 - 8, -5*l + 25 = 0. Let i be (1 + (-4)/3)*m. Give q(i).
-3
Let k(m) = -m - 9. Let z = -1074 - -1070. Determine k(z).
-5
Let j be 2*(-3 - (-4 - 0)). Suppose 0*o = 2*o. Let i(r) = o*r - 3*r**2 + 0*r + 3*r. Determine i(j).
-6
Let a(k) be the first derivative of 7 + 2*k + 1/2*k**2. Calculate a(4).
6
Let s(f) = -f**2 - 1. Let r(y) be the first derivative of 5/3*y**3 - y - 3 - 3*y**2. Let t(c) = r(c) + 4*s(c). Give t(4).
-13
Let v be (-15)/(-6) - 9/6. Let j(y) be the third derivative of y**4/6 - 5*y**3/6 - 5*y**2. Let m(s) = -5*s + 6. Let d(g) = -6*j(g) - 5*m(g). Give d(v).
1
Let t(i) = -i + 6. Let s be t(6). Let v(c) = 2*c**2 + 29 - 3*c**2 - 12*c - 2*c**2. Let l(k) = -2*k**2 - 7*k + 14. Let u(p) = 5*l(p) - 3*v(p). What is u(s)?
-17
Let k = 23 - 20. Let m(n) = n**2 + n - 1. Let j(o) = -2*o**2 + 3. Let p(t) = k*m(t) + j(t). Give p(-6).
18
Let u(g) = g**3 + 6*g**2 + 4*g - 5. Suppose -3*q + 8 = -19. Suppose 35 = -16*r + q*r. Give u(r).
0
Suppose 7*q - 15 = 2*q. Suppose 3*o - q = -0. Let l be 1 - (o/1 - -1). Let m(i) = -i**3 - i**2 - i - 1. Determine m(l).
0
Let o(t) be the third derivative of -t**4/24 - t**3 - 2*t**2. Let a = 45 - 31. Suppose 11 + a = -5*g - 5*u, -4*g - u - 23 = 0. Give o(g).
0
Let w = -116 - -114. Let p be 3*(-3 + 14/6) - w. Let u(t) = -t**2 + t - 3. Calculate u(p).
-3
Let x = -11 + 4. Let l be (4/x)/((-6)/21). Let t(a) = -5*a**2 - 7*a**l + 20*a**2. Determine t(1).
8
Let w(j) be the second derivative of 7/6*j**3 + 0 + 1/12*j**4 - j + 1/2*j**2. Suppose 14 = -4*c + m, 4*c + 11*m = 6*m - 50. Give w(c).
-9
Let j(g) be the second derivative of g**4/4 - 8*g**3/3 + 512*g. Determine j(5).
-5
Let v(o) be the second derivative of -o**5/20 - 19*o**4/12 - 10*o**3/3 - 16*o**2 + 10*o - 7. Calculate v(-18).
4
Let n(i) be the first derivative of -2*i**3/3 + 19*i**2/2 + 2*i + 30. Calculate n(10).
-8
Let k(i) = i - 1. Let h(t) = -t. Let y(f) = 3*h(f) - k(f). Let b = -1161 - -1156. Calculate y(b).
21
Let i(o) be the second derivative of -o**4/12 - 3*o**3/2 - 5*o**2/2 + o. Suppose 4*u = -2*y - 12, -12*y + 3*u - 17 = -7*y. Determine i(y).
15
Suppose 12 = 2*y + 28. Let x(h) = -h**3 - 3*h**2 + 4*h + 4. Let c be x(-3). Let f = c - y. Let g(q) = q + 2. What is g(f)?
2
Let q(p) = -5*p - 9. Let y be (9/(-12))/(16/128). What is q(y)?
21
Let k(q) = q. Let x(u) = 9. Let t(o) = -k(o) + x(o). Let d be t(7). Suppose d*r + 2 = -g - 3*g, -3*r - 9 = 0. Let c(j) = j**3 + j**2 - 2*j + 1. Calculate c(g).
1
Let r(i) = -i**3 + 5*i**2 + 6*i - 5. Let x(s) = 2*s + 3. Suppose 2*a = -2*a + 12. Let o be x(a). Let w = 15 - o. Give r(w).
-5
Suppose 5*d - 16 = 3*s, -3*s + 6*s + 4 = -d. Let z(r) = -5*r - 1. Let t(y) = 6*y + 1. Let x(u) = -6*t(u) - 7*z(u). Calculate x(s).
3
Let l(n) = n**2 - 9*n - 4. Suppose -43*i - 135 = -58*i. Give l(i).
-4
Let n = -33 - -18. Let a(v) = v + 12. Let o be a(n). Let r(f) = 2*f - 2*f - f**2 + 4. Determine r(o).
-5
Let p(m) = 3*m**3 - 15*m**2 + 6*m + 41. Let h(x) = -2*x**3 + 2*x**2 - x - 2. Let i(n) = 2*h(n) + p(n). Determine i(-11).
-7
Let k(d) = -7*d + 14. Suppose 9*v - 5*v + 20 = 0, 0 = -p + 4*v + 27. Give k(p).
-35
Let f = 1 + -1. Let m(z) = z**2. Let u be ((12/(-6))/(-2))/1. Let a(s) = s**3 + 4*s**2 + s - 5. Let h(l) = u*a(l) - 3*m(l). What is h(f)?
-5
Let o(a) = -7*a**3 - 10*a**2 - 5*a + 1. Let s(t) = 15*t**3 + 22*t**2 + 10*t - 3. Let n(z) = 7*o(z) + 3*s(z). Give n(-2).
24
Suppose 2 = -0*h + h. Let g(n) be the first derivative of -n**3/3 - n**2/2 + 1. What is g(h)?
-6
Let d(w) = -2*w**3 + 18*w**2 - 1. Suppose -16*h + 151 - 7 = 0. Determine d(h).
-1
Suppose f = -0*f + 3. Let w(d) be the third derivative of d**6/120 - d**5/20 - d**4/8 - d**3/2 - 531*d**2. Determine w(f).
-12
Let s(y) = -5553*y**2 + 11116*y**2 + 8*y - 5562*y**2 + 8. Let p = 2 + -1. Let x = -7 + p. Give s(x).
-4
Suppose 11*s - 2 + 13 = 0. Let q(k) = 5 - 6 + 10*k + 2. Give q(s).
-9
Let x(i) = 6*i**3 - 10*i**2 - 4*i + 1. Let z(o) = o**3 - o**2 - 1. Let m(h) = -x(h) + 5*z(h). Give m(4).
26
Let v(t) = -21 + 69*t**2 + 15*t + 59*t**2 - 127*t**2. Determine v(-16).
-5
Let r = 125 - 117. Suppose -3*u - 35 = -r. Let l(g) = -g + 5. Give l(u).
14
Let r = -6 + -11. Let t = r - -24. Let j(p) = -6*p**2 - t + 2 + 5*p + 0 + p**3. Determine j(5).
-5
Let a(c) = -2*c**3 + 8*c**2 - 9*c + 9. Let b(r) = 3*r**3 - 12*r**2 + 13*r - 14. Let q(h) = -8*a(h) - 5*b(h). What is q(3)?
10
Let c(u) = u - 8. Let r be -1*(4 + -3)*(0 - -1). Le